) to base 7
1266462
Convert 98337 (base 12) to base 16.
310db
Convert 110011201210 (base 3) to base 15.
4b016
Convert -298a548 (base 13) to base 10.
-13246618
Convert 32225b (base 15) to base 5.
1102333121
What is 333313213 (base 4) in base 5?
31332412
86231 (base 15) to base 13
11ba29
-2c9aa8b (base 13) to base 15
-13e3a58
What is -4665761 (base 8) in base 12?
-514701
Convert 466693 (base 13) to base 2.
110010111111011000110
Convert -11116125 (base 7) to base 15.
-1402d6
Convert c14a0 (base 16) to base 10.
791712
-2243c (base 13) to base 10
-62243
Convert -9c3137 (base 13) to base 4.
-32011022213
217dc5 (base 14) to base 7
12440635
Convert -199a5 (base 14) to base 3.
-10022012012
Convert 322434 (base 7) to base 15.
11970
Convert -b3426b (base 12) to base 9.
-5246882
Convert -372523 (base 13) to base 11.
-821049
40410340 (base 6) to base 10
1152276
What is -303716 (base 8) in base 3?
-12002120220
Convert -10011153 (base 6) to base 2.
-1000100101110101101
6105302 (base 7) to base 13
1c4a4a
Convert -380970 (base 12) to base 6.
-31330220
What is 3ad89 (base 15) in base 11?
119837
Convert -25485420 (base 9) to base 7.
-211245153
39cff (base 16) to base 3
110000211100
150445 (base 9) to base 15
1c4ce
What is 12641411 (base 8) in base 14?
53b34d
What is 5355816 (base 12) in base 15?
15bd756
76902 (base 14) to base 13
a090b
What is 8307113 (base 9) in base 15?
5c8b16
-13302214 (base 6) to base 7
-3525502
What is -138feb (base 16) in base 12?
-519ab7
What is 1503891 (base 10) in base 7?
15532344
63651053 (base 7) to base 9
11151538
Convert 11002011 (base 5) to base 4.
112330312
Convert -717230 (base 9) to base 5.
-102101241
2388 (base 9) to base 10
1781
What is -117137 (base 9) in base 3?
-10121011021
What is -10144413 (base 5) in base 15?
-19edd
Convert 210020020 (base 4) to base 11.
a11a4
121112112101012 (base 3) to base 5
4222222344
What is -4f95c (base 16) in base 9?
-546140
Convert 448415 (base 9) to base 12.
10b542
What is -1421421002 (base 5) in base 14?
-6c4c81
-41313114 (base 5) to base 6
-11131142
Convert -1216039 (base 10) to base 7.
-13223206
563bc (base 13) to base 14
41133
What is -aa532 (base 13) in base 11?
-1a0834
-451421 (base 7) to base 10
-79787
Convert -20426303 (base 7) to base 15.
-24004e
1122223 (base 8) to base 16
4a493
What is -45815 (base 11) in base 8?
-201233
Convert 20210333023 (base 4) to base 9.
4206511
Convert -103233300210 (base 4) to base 15.
-6c3b06
Convert 3542100 (base 6) to base 12.
8a930
Convert 3762265 (base 8) to base 4.
3332102311
-8321a (base 11) to base 9
-204451
Convert 100031223 (base 4) to base 10.
66411
24d3d2 (base 16) to base 8
11151722
Convert 12000011101 (base 3) to base 2.
11000000011100101
What is -e41b0 (base 15) in base 13?
-1c3bc9
What is 2414244 (base 5) in base 11?
30853
Convert -201202201000 (base 3) to base 14.
-a1b0a
Convert -9d70c4 (base 15) to base 13.
-1732228
What is 574783 (base 15) in base 5?
2031311243
Convert 1010000111100011100 (base 2) to base 7.
2550420
Convert 1023113332 (base 4) to base 9.
520447
3c7644 (base 14) to base 11
1200a32
Convert 10130123022 (base 4) to base 5.
244240002
-46324132 (base 7) to base 5
-2014303413
-8a48a (base 11) to base 8
-377714
2314314220 (base 5) to base 11
2a51949
What is -8773ee (base 16) in base 13?
-1aba6b1
411120131 (base 5) to base 10
1660666
-122611 (base 7) to base 5
-1210342
Convert -2121202223 (base 4) to base 7.
-5226356
14b2a (base 15) to base 2
10000010001010000
What is -b94a7 (base 16) in base 15?
-eed1b
What is 334445121 (base 6) in base 13?
1358983
What is -102312301 (base 4) in base 16?
-12db1
What is -1230231 (base 7) in base 15?
-31ec6
-75d484 (base 15) to base 8
-25324121
-10125203 (base 6) to base 9
-483723
-184119 (base 10) to base 3
-100100120020
What is 120422202 (base 5) in base 3?
1001111110002
What is 26f5e5 (base 16) in base 9?
4721438
Convert 18828 (base 13) to base 14.
13467
What is 10101100001001011000 (base 2) in base 16?
ac258
What is -4353343 (base 6) in base 3?
-102000222000
What is 22022000200 (base 3) in base 8?
476762
What is -360712 (base 8) in base 2?
-11110000111001010
Convert -1014323340 (base 5) to base 15.
-2b89d0
Convert 41100 (base 6) to base 10.
5436
What is 22230221032 (base 4) in base 11?
1645a06
What is 3892478 (base 10) in base 15?
51d4d8
-55101530 (base 6) to base 7
-16643460
-1001211020 (base 4) to base 16
-41948
What is -536355 (base 14) in base 9?
-5270324
-111011100111110010011 (base 2) to base 13
-535334
3546056 (base 7) to base 3
211210110222
Convert -150304531 (base 6) to base 11.
-182a934
Convert 14a8b (base 16) to base 5.
10201434
413334 (base 7) to base 5
4231310
10200200122 (base 3) to base 9
120618
40440 (base 7) to base 6
113300
24d633 (base 14) to base 11
795356
-271077 (base 8) to base 9
-154014
What is 100303333002 (base 4) in base 15?
5c0ca9
Convert 125333555 (base 7) to base 13.
18922a6
20621542 (base 8) to base 3
22021112121212
371283 (base 10) to base 5
43340113
Convert 156526236 (base 7) to base 10.
10679430
754037 (base 8) to base 2
111101100000011111
What is -321a27 (base 14) in base 10?
-1695043
What is cc61c (base 13) in base 15?
74a0a
Convert 3540514 (base 7) to base 6.
13324414
-1453155 (base 6) to base 16
-14bdf
Convert 501534200 (base 6) to base 15.
b2a160
Convert -861942 (base 11) to base 7.
-14501410
Convert 11ed36 (base 15) to base 7.
10211643
378cfb (base 16) to base 7
42641624
1208955 (base 10) to base 2
100100111001001111011
What is 24014331 (base 5) in base 16?
35b3e
What is -871272 (base 9) in base 12?
-21060b
What is 101222343 (base 6) in base 13?
491346
What is -110068 (base 10) in base 12?
-53844
Convert -10200000000 (base 3) to base 8.
-214753
What is 2031341 (base 7) in base 12?
b8778
What is 54b0 (base 16) in base 8?
52260
-103452034 (base 6) to base 10
-1857622
What is -104441353 (base 6) in base 16?
-1d0925
What is 12441043 (base 8) in base 15?
39a898
What is 112433 (base 6) in base 11?
72a0
Convert 102242102 (base 5) to base 14.
b306a
Convert -101132011 (base 4) to base 15.
-16307
1333111110 (base 4) to base 9
874386
What is -513ab5 (base 12) in base 5?
-311143112
Convert 48a80 (base 13) to base 3.
20210021200
What is -7476026 (base 9) in base 5?
-2011202413
4a6b9 (base 13) to base 8
414244
Convert -1022c (base 15) to base 13.
-1a361
-1195999 (base 11) to base 7
-23420332
What is 81634 (base 9) in base 15?
10dc4
Convert 5472418 (base 10) to base 6.
313143134
1334030444 (base 6) to base 13
3464779
a71518 (base 11) to base 13
480785
What is -338549 (base 13) in base 14?
-239c72
What is 15375 (base 15) in base 13?
25109
-126504 (base 10) to base 6
-2413400
What is 9bb6 (base 12) in base 9?
25623
Convert -230012200 (base 4) to base 10.
-180640
2855a7a (base 11) to base 4
102233120233
What is 1103020403 (base 5) in base 11?
1394146
What is 2a54d (base 14) in base 6?
2131333
Convert 64225 (base 8) to base 12.
135b1
Convert 3775a7 (base 12) to base 11.
5686a6
What is -1c4355 (base 16) in base 9?
-3432720
-111120011010 (base 3) to base 5
-32020200
Convert 111002042 (base 5) to base 11.
301139
What is 341412220 (base 5) in base 2?
101110001011111011011
What is 120054 (base 6) in base 5?
313102
-6d3571 (base 15) to base 2
-10011111011110100000011
Convert -14901b (base 16) to base 15.
-1b945b
Convert 1ab094 (base 14) to base 10.
952298
-522b46 (base 12) to base 14
-25854a
-21858658 (base 9) to base 4
-220132010303
10100100101010010011 (base 2) to base 11
4207a8
Convert -13223212020 (base 4) to base 5.
-1003413301
220a (base 15) to base 4
1300222
What is 1323415 (base 6) in base 16?
11ea3
Convert 371a8 (base 14) to base 9.
224817
-2110413 (base 9) to base 2
-100010011100101111100
5488 (base 11) to base 14
28cb
Convert 3533234 (base 6) to base 13.
65689
What is -26608584 (base 9) in base 2?
-110010000001111100110111
What is 41164c (base 13) in base 16?
1725d0
What is -14d82 (base 14) in base 13?
-1a902
10030000202 (base 4) to base 8
4140042
What is -140115332 (base 6) in base 14?
-531cc8
-123649 (base 12) to base 15
-5cc59
Convert -eeaa (base 15) to base 2.
-1100010110000000
What is -11122001022 (base 3) in base 10?
-91160
What is 645079 (base 16) in base 2?
11001000101000001111001
1443004001 (base 5) to base 4
32302022231
What is 121144434 (base 5) in base 4?